 11?
-23112
In base 8, what is 1 - -7?
10
In base 13, what is -499 + 2?
-497
In base 6, what is 1234 + -2?
1232
In base 6, what is -1320 + 2?
-1314
In base 3, what is -211201 - -1?
-211200
In base 13, what is 3 - 97?
-94
In base 9, what is 3 + 611?
614
In base 6, what is -5230 + -2?
-5232
In base 15, what is 4 - 24?
-20
In base 10, what is 5 + -3774?
-3769
In base 4, what is -1 + -1300?
-1301
In base 10, what is -294 - 84?
-378
In base 11, what is aa + -3?
a7
In base 5, what is 3 + 21?
24
In base 16, what is 4c + -2?
4a
In base 4, what is 0 + 111?
111
In base 12, what is -582 + 0?
-582
In base 6, what is 32 + 3?
35
In base 9, what is -67 + -2?
-70
In base 11, what is -67a - 0?
-67a
In base 15, what is 0 + -64?
-64
In base 12, what is 2a - 6a?
-40
In base 3, what is 22002 - 10001?
12001
In base 7, what is 652 - -3?
655
In base 4, what is 110 - -120?
230
In base 4, what is 201 + -132?
3
In base 9, what is 27 + 212?
240
In base 6, what is -3 + -210?
-213
In base 16, what is -5 + 589?
584
In base 2, what is 1011 - 11100?
-10001
In base 4, what is 231 - -2?
233
In base 12, what is 5 - -8a?
93
In base 7, what is -3534 - -2?
-3532
In base 14, what is 105 - -1?
106
In base 7, what is 2 - 32?
-30
In base 4, what is -12 + -1011?
-1023
In base 4, what is -30 - 101?
-131
In base 11, what is 2a + 0?
2a
In base 4, what is -13 - -111?
32
In base 6, what is 11031 - 4?
11023
In base 11, what is 1 + 63a?
640
In base 2, what is -10 - -1001101111011?
1001101111001
In base 13, what is 2b85 + -4?
2b81
In base 12, what is -153 - -1?
-152
In base 6, what is -31 + -11?
-42
In base 9, what is 14 + -187?
-173
In base 16, what is -2f + 10?
-1f
In base 6, what is -12 - -342?
330
In base 11, what is 4 - 1184?
-1180
In base 5, what is 232021 + 4?
232030
In base 10, what is 34 + 8?
42
In base 7, what is -631 - -11?
-620
In base 8, what is -1566 - -3?
-1563
In base 12, what is -13b + -3?
-142
In base 11, what is 4705 - 1?
4704
In base 15, what is 3b + -8?
33
In base 3, what is -12 + -1111?
-1200
In base 12, what is -4 - 17?
-1b
In base 15, what is -1d7 + -8?
-1e0
In base 6, what is 104 + -3?
101
In base 15, what is 1 + -15?
-14
In base 6, what is -4333 + 20?
-4313
In base 12, what is -36 + 1?
-35
In base 11, what is 2 + 32a?
331
In base 7, what is -3 - 162?
-165
In base 6, what is -40 + 223?
143
In base 9, what is 3 - -23?
26
In base 9, what is 10 + 3?
13
In base 4, what is -23 - -21?
-2
In base 4, what is -31 + -320?
-1011
In base 7, what is -44 - -150?
103
In base 2, what is -110111 - 100?
-111011
In base 12, what is 1044 + 4?
1048
In base 3, what is 202222 - 1?
202221
In base 6, what is 1352 - -21?
1413
In base 4, what is 0 + 2003?
2003
In base 8, what is 70 - -54?
144
In base 11, what is -6 + 4514?
4509
In base 11, what is 1946 - 5?
1941
In base 15, what is 1 - -334?
335
In base 14, what is 5 + 255?
25a
In base 4, what is 10102 + -3?
10033
In base 14, what is -185 + 5?
-180
In base 12, what is -6 - -2739?
2733
In base 14, what is -12 + 9?
-7
In base 3, what is -2001 - -10?
-1221
In base 4, what is 3 - -13010?
13013
In base 5, what is 2 + 22231?
22233
In base 7, what is 3445 + 5?
3453
In base 11, what is -294 - -7?
-288
In base 12, what is 9 - 23?
-16
In base 4, what is -13110 + 1?
-13103
In base 8, what is -14457 - 4?
-14463
In base 6, what is -5 - -34?
25
In base 2, what is 110110000 - -11?
110110011
In base 8, what is -7000 + -3?
-7003
In base 14, what is -5 - -809?
804
In base 3, what is -22 - 12?
-111
In base 7, what is 12 + 44?
56
In base 11, what is 1a - -20?
3a
In base 7, what is 6 - 35?
-26
In base 7, what is -51 + -56?
-140
In base 15, what is -4a - -3b?
-e
In base 11, what is 548 + 20?
568
In base 5, what is -1030 + 310?
-220
In base 15, what is 4 - 31?
-2c
In base 4, what is -1100002 + 3?
-1033333
In base 2, what is -10000 + -1001110?
-1011110
In base 3, what is -1112 + 1112?
0
In base 6, what is -3331 - 1?
-3332
In base 12, what is 2 - -b3?
b5
In base 11, what is -13a77 - -3?
-13a74
In base 2, what is 100 + 1000011?
1000111
In base 8, what is 21 - -1522?
1543
In base 2, what is 110111 - 11?
110100
In base 5, what is -12 + -2?
-14
In base 8, what is 4 - -266?
272
In base 10, what is -2320 - -2?
-2318
In base 6, what is 50 - -2?
52
In base 12, what is 3 + 454?
457
In base 13, what is 2a1 + -1?
2a0
In base 3, what is 200002 + 101?
200110
In base 4, what is -223 - 12?
-301
In base 6, what is 1123 - -3?
1130
In base 6, what is 42 + -32?
10
In base 2, what is 101101011 - -1011?
101110110
In base 13, what is -870c - 2?
-8711
In base 7, what is -1 + -13?
-14
In base 8, what is 3 - 52?
-47
In base 10, what is 0 + 237?
237
In base 15, what is 57 - 2?
55
In base 13, what is -32a - -26?
-304
In base 4, what is 1 + 10111?
10112
In base 13, what is 83 + 1?
84
In base 16, what is -3 - 62?
-65
In base 10, what is 26 + 27?
53
In base 15, what is -12 + 10?
-2
In base 9, what is 63 + -26?
36
In base 9, what is 25 - -11?
36
In base 8, what is -3 - -227?
224
In base 15, what is 4 - -15?
19
In base 6, what is 2313 - -1?
2314
In base 16, what is -3 + -3f7?
-3fa
In base 3, what is 10110 - -20?
10200
In base 9, what is 102 - -101?
203
In base 14, what is 1650 + -1?
164d
In base 13, what is -39 - -3?
-36
In base 15, what is 2 + 3b0?
3b2
In base 13, what is -4 + -2c1?
-2c5
In base 16, what is -11 - -27?
16
In base 6, what is -50 - 52?
-142
In base 13, what is 6 - 240?
-237
In base 3, what is -1000 - -211?
-12
In base 2, what is 10101001111 + -1?
10101001110
In base 15, what is 3 + -63?
-60
In base 6, what is 0 - 301?
-301
In base 14, what is -a - 4?
-10
In base 10, what is 9 + -22?
-13
In base 16, what is 8 + 19?
21
In base 3, what is -121 + 2220100?
2212202
In base 12, what is 1 - 75?
-74
In base 10, what is 172 - -1?
173
In base 14, what is -3752 - 5?
-3757
In base 5, what is 343 - -21?
414
In base 9, what is -5 - -221?
215
In base 4, what is 13003 + -2?
13001
In base 6, what is 51 + 2?
53
In base 2, what is 11 + -1110110010?
-1110101111
In base 7, what is 2 + -2453?
-2451
In base 7, what is -2 + -1465?
-1500
In base 6, what is 1303 - 5?
1254
In base 2, what is -1000 - 11100?
-100100
In base 11, what is 2 - -143?
145
In base 13, what is 5 + 7a?
82
In base 4, what is -33 + 32?
-1
In base 5, what is 31 + 14?
100
In base 2, what is 100 + 1011011001010?
1011011001110
In base 13, what is 40 + 50?
90
In base 8, what is -10 - 53?
-63
In base 3, what is -201121 + 0?
-201121
In base 7, what is -1 - 1036?
-1040
In base 9, what is 8 + 176?
185
In base 15, what is 0 - e92?
-e92
In base 6, what is 25151 + -3?
25144
In base 11, what is -214 + -4?
-218
In base 9, what is 6185 - -5?
6201
In base 2, what is -10111110 + 0?
-10111110
In base 16, what is 0 - -46?
46
In base 8, what is 171 - 10?
161
In base 16, what is e62 - 1?
e61
In base 10, what is 3 - 1703?
-1700
In base 14, what is -5 + -26c?
-273
In base 9, what is -17 - 2670?
-2687
In base 6, what is -233 + -53?
-330
In base 4, what is 2 + 1312?
1320
In base 10, what is 6057 + -5?
6052
In base 14, what is 14b4 + -3?
14b1
In base 10, what is -9 + -233?
-242
In base 2, what is 1 + -100010110100?
-100010110011
In base 14, what is 341 + 5?
346
In base 16, what is -4 - 4?
-8
In base 10, what is 71 - 2?
69
In base 9, what is -37 + 112?
64
In base 10, what is 361 - -2?
363
In base 5, what is -23 - -420?
342
In base 6, what is 12052 + -2?
12050
In base 7, what is 55411 - 1?
55410
In base 9, what is -4 - -13465?
13461
In base 6, what is -5 - -111?
102
In base 3, what is -12 - 100112?
-100201
In base 13, what is 2 + 1380?
1382
In base 7, what is 40 - 151?
-111
In base 4, what is -11 + 12?
1
In base 2, what is 100000 - -111?
100111
In base 4, what is 310 - -11?
321
In base 9, what is 1 - 13843?
-13842
In base 8, what is -3 + -3060?
-3063
In base 11, what is 4948 + -5?
4943
In base 16, what is 3 + -64?
-61
In base 13, what is -20 + -3?
-23
In base 2, what is -11 - 11111?
-100010
In base 3, what is 1010 - -11?
1021
In base 5, what is -13 + -2?
-20
In base 10, what is 15 - 10?
5
In base 16, what is -6d - 3?
-70
In base 3, what is -2020 + 111?
-1202
In base 11, what is 2 - 126?
-124
In base 10, what is -185 + -4?
-189
In base 7, what is -21 + -431?
-452
In base 7, what is -26 - -60?
31
In base 4, what is -21 - 333?
-1020
In base 10, what is 36641 + 5?
36646
